{"id":94,"date":"2024-07-19T17:40:56","date_gmt":"2024-07-19T17:40:56","guid":{"rendered":"https:\/\/ecanews.org\/sig-13\/?page_id=94"},"modified":"2024-07-19T17:40:56","modified_gmt":"2024-07-19T17:40:56","slug":"sig13-presence-at-ecm34","status":"publish","type":"page","link":"https:\/\/ecanews.org\/sig-13\/sig13-presence-at-ecm34\/","title":{"rendered":"SIG13 presence at ECM34"},"content":{"rendered":"<p>Keynote lectures:<\/p>\n<p>&nbsp;<\/p>\n<p><strong>Kamil Dziubek\u00a0<\/strong>(University of Vienna, AT)<\/p>\n<p>Topic: High pressure crystallography<\/p>\n<p>Title:\u00a0<em>Pressure-induced suppression of structural distortions manifrested in group-subgroup relationship<\/em><\/p>\n<p>&nbsp;<\/p>\n<p><strong>Chiara Massera<\/strong>\u00a0(Parma University, IT)<\/p>\n<p>Topic: Chemistry<\/p>\n<p>Title:\u00a0<em>Combining mechanochemistry and structural analysis for the design of nanocrystalline reticular materials<\/em><\/p>\n<p>&nbsp;<\/p>\n<p><strong>Pance Naumov\u00a0<\/strong>(NYU Abu Dhabi, AE)<\/p>\n<p>Topic: Material Science<\/p>\n<p>Title:\u00a0<em>Structural basis of mechanical properties and effects of molecular crystals<\/em><\/p>\n<p>&nbsp;<\/p>\n<p><strong>Anthony Linden<\/strong>\u00a0(Zurich University, CH)<\/p>\n<p>Topic: Software\/Teaching<\/p>\n<p>Title:\u00a0<em>The evolution of crystallographic software tools and their efficacy in teaching endeavours<\/em><\/p>\n<p>&nbsp;<\/p>\n<p>&nbsp;<\/p>\n<p>&nbsp;<\/p>\n<p>Microsymposia:<\/p>\n<p><a href=\"https:\/\/www.ecm34.org\/microsymposia-list\">MICROSYMPOSIA LIST | ECM34 2024<\/a><\/p>\n<p>&nbsp;<\/p>\n<p><strong>M8<\/strong><\/p>\n<p><strong>Nucleation and crystal growth\/Chaperones and crystallization<\/strong><\/p>\n<p><strong>Chairs:\u00a0<\/strong>Emmanuel Saridakis (IAASARS, GR), Monika Budayova-Spano (IBS, FR)<\/p>\n<p><strong>Speakers:\u00a0<\/strong>Jose A. Gavira (CSIC-UGR, ES), Magdalena Kowacz (Polish Academy of Sciences, PL)<\/p>\n<p>This microsymposium is dedicated to fundamental studies and methodology for nucleation and growth, mainly of macromolecular crystals, but extending to other types of molecules\/ assemblies as well. The increasingly recognised potential of chaperones for crystallisation will be addressed.<\/p>\n<p>&nbsp;<\/p>\n<p><strong>M10<\/strong><\/p>\n<p><strong>\u00a0Structural-based drug discovery<\/strong><\/p>\n<p><strong>Chairs:<\/strong>\u00a0Rita Berisio (CNR-IBB, IT), Mariagrazia Pizza (Imperial College, UK)<\/p>\n<p><strong>Speakers:\u00a0<\/strong>Juan Antonio Hermoso (CSIC, ES),\u00a0Matthias Wilmanns\u00a0(EMBL, DE)<\/p>\n<p>The MS will address the contribution of structural biology to the understanding of mechanisms regulating key biological processes and its impact on drug\/vaccine development.<\/p>\n<p>&nbsp;<\/p>\n<p><strong>M26<\/strong><\/p>\n<p><strong>Chirality: Meeting point of crystallography, chemistry and topology<\/strong><\/p>\n<p><strong>Chairs:<\/strong>\u00a0Gerard Coquerel (Univeristy of Rouen, FR), Tom Leyssens (UC Luovain, BE)<\/p>\n<p><strong>Speakers:\u00a0<\/strong>Elias Vlieg (Radboud University, NL), Ryusei Oketani (Osaka University, JP)<\/p>\n<p>In this microsymposium, focus is placed on chirality of the solid-state and in particular how the properties of chiral solid states can be used in the context of applications such as resolution or deracemization. Talks will highlight the importance of unraveling how structure and chemical process development go hand in hand.<\/p>\n<p>&nbsp;<\/p>\n<p><strong>M27<\/strong><\/p>\n<p><strong>High Pressure Crystallography: Exploring Structure and Method Development at Extreme Conditions<\/strong><\/p>\n<p><strong>Chairs:\u00a0<\/strong>Wilson Crichton (ESRF, FR)<\/p>\n<p><strong>Speakers:\u00a0<\/strong>Philip Salmon (University of Bath, UK)<\/p>\n<p>This session will highlight the state-of-the-art structural investigations of materials under extreme pressures and temperatures using both X-ray and neutron diffraction methods. Our goal is to disseminate new approaches. We will present major breakthroughs in the methodology for analyzing single-crystal X-ray diffraction data from multiphase mixtures of microcrystalline solids and powders. We will cover both in situstructure\/property characterization and ex situ studies of materials synthesized under extreme conditions using diamond anvil cells and large-volume apparatus. Additionally, we will discuss complementary techniques, from spectroscopies to calculations, which further facilitate the elucidation of results that are challenging to obtain.<\/p>\n<p>&nbsp;<\/p>\n<p><strong>M28<\/strong><\/p>\n<p><strong>Structural characterization of Energy Harvesting and Conversion Materials<\/strong><\/p>\n<p><strong>Chairs:<\/strong>\u00a0Maria Diaz-Lopez (CNRS, FR), Paula Macarena Abdala (ETH Z\u00fcrich, CH)<\/p>\n<p><strong>Speakers:\u00a0<\/strong>Karin Kleiner (University of M\u00fcnster, DE)<\/p>\n<p>This microsymposium will discuss methods for characterizing the structure of materials energy harvesting and conversion to understand their structure-performance relationships. Techniques to dress the structure of these functional materials at different time and length scale scales will be highlighted.<\/p>\n<p>&nbsp;<\/p>\n<p><strong>M29<\/strong><\/p>\n<p><strong>Structural characterization in Functional materials\u00a0<\/strong><\/p>\n<p><strong>Chairs:<\/strong>\u00a0Michael J. Pitcher (Campus CNRS Orl\u00e9ans, FR), Julia Payne (University of St. Andrews, UK)<\/p>\n<p><strong>Speakers:\u00a0<\/strong>Ivana Evans (Durham University, UK), Olivier Perez (CNRS\/ENSICAEN, Caen, FR)<\/p>\n<p>This microsymposium will focus on the challenges and complexities of structural analysis across a broad range of functional inorganic and hybrid materials.<\/p>\n<p>&nbsp;<\/p>\n<p><strong>M30<\/strong><\/p>\n<p><strong>Porous functional materials<\/strong><\/p>\n<p><strong>Chairs:<\/strong>\u00a0Donatella Armentano (University of Calabria, IT), Stefano Canossa (ETH Zurich, CH)<\/p>\n<p><strong>Speakers:\u00a0<\/strong>Matt Cliffe (University of Nottingham, UK), Celia Castillo-Blas (University of Cambridge, UK)<\/p>\n<p>Porous functional materials microsymposius would provide a broad overview of the recent results of applying cutting-edge crystallography to characterize porous materials such as metal\u2013organic frameworks, and develop their applications.<\/p>\n<p>&nbsp;<\/p>\n<p><strong>M31<\/strong><\/p>\n<p><strong>Noncovalent interactions in structure design<\/strong><\/p>\n<p><strong>Chairs:<\/strong>\u00a0Delia Haynes (Stellenbosch University, ZA), Riccardo Montis (University of Urbino, IT)<\/p>\n<p><strong>Speakers:\u00a0<\/strong>Eugenia Peresypkina\u00a0(Goethe Universit\u00e4t Frankfurt, DE), Kari Rissanen (University of Jyv\u00e4skyl\u00e4, FI)<\/p>\n<p>This microsymposium will focus on the understanding and application of non-covalent interactions in the design of solid-state materials. Contributions relating to the nature and the use of hydrogen bonding, halogen bonding, chalcogen bonding or any other class of non-covalent interactions will be welcome.<\/p>\n<p>&nbsp;<\/p>\n<p><strong>M32<\/strong><\/p>\n<p><strong>Advanced materials design with (co)crystal engineering: synthesis, crystal growth, structure and function<\/strong><\/p>\n<p><strong>Chairs:<\/strong>\u00a0Alessia Bacchi (University of Parma, IT), Eva Kovats Wigner (Budapest, Hungary, HU)<\/p>\n<p><strong>Speakers:\u00a0<\/strong>Helena J. Shepherd (University of Kent, UK), Ren\u00e9 de Gelder ( Radboud University, NL)<\/p>\n<p>This MS will review the state of the art of the design of advanced molecular and multicomponent materials by using crystal engineering. It will encompass material design, synthethic strategies, crystal growth, relations between structure and function.<\/p>\n<p>&nbsp;<\/p>\n<p><strong>M33<\/strong><\/p>\n<p><strong>Correlate molecular structure with materials properties<\/strong><\/p>\n<p><strong>Chairs:<\/strong>\u00a0Kresimir Molcanov (Institut Ru\u0111er Bo\u0161kovi\u0107, HR), Vania Andr\u00e8 (University of Lisbon, PT)<\/p>\n<p><strong>Speakers:\u00a0<\/strong>Anna Krawczuk (University of G\u00f6ttingen, DE), Jeremy Rawson (University of Windsor, CA)<\/p>\n<p>New materials with targeted physical properties are an area of current interest from both, fundamental and applicative points of view. Molecular materials are chemically tunable and thus good candidates to reach this goal. They can exhibit a single property such as gas storage, sensing, magnetism or catalysts, but they can also be multifunctional with two or more physical properties of interest. Thus, bulk properties of a material stem from structure of its constituent molecules. A clever choice of the constituent molecules could allow the appearance of an unusual combination of physical properties in the same compound, or even a mutual interplay or synergy of the properties involved.<\/p>\n<p>&nbsp;<\/p>\n<p><strong>M40<\/strong><\/p>\n<p><strong>Techniques to discover polymorphism: mechanochemistry, crystal growth and others<\/strong><\/p>\n<p><strong>Chairs:<\/strong>\u00a0Nora May (HUN-REN, HU), Paola Paoli\u00a0<a href=\"mailto:Paola.paoli@unipd.it\">(<\/a>University of Florence, IT)<\/p>\n<p><strong>Speakers:\u00a0<\/strong>Michael Zaworotko (University of Limerick, IE), Adam Michalchuk (University of Birmingham, UK)<\/p>\n<p>Understanding and controlling the structural and energetic factors which drive the supramolecular arrangement in crystals, is still a matter of great importance today in order to be able to produce materials with the desired properties. Hence the relevance of \u00a0polymorphism in many area (chemistry, materials, pharmaceutics), given that polymorphs can greatly differ as for their chemical, physical, thermodynamic and mechanical properties, just to name a few. This microsymposium \u00a0will provide an opportunity to present relevant results in which polymorphs formation is investigated under different conditions and with different techniques.<\/p>\n","protected":false},"excerpt":{"rendered":"<p>Keynote lectures: &nbsp; Kamil Dziubek\u00a0(University of Vienna, AT) Topic: High pressure crystallography Title:\u00a0Pressure-induced suppression of structural distortions manifrested in group-subgroup relationship &nbsp; Chiara Massera\u00a0(Parma University, IT) Topic: Chemistry Title:\u00a0Combining mechanochemistry and structural analysis for the design of nanocrystalline reticular materials &nbsp; Pance Naumov\u00a0(NYU Abu Dhabi, AE) Topic: Material Science Title:\u00a0Structural basis of mechanical properties and [&hellip;]<\/p>\n","protected":false},"author":50,"featured_media":0,"parent":0,"menu_order":0,"comment_status":"closed","ping_status":"closed","template":"","meta":{"footnotes":""},"class_list":["post-94","page","type-page","status-publish","czr-hentry"],"_links":{"self":[{"href":"https:\/\/ecanews.org\/sig-13\/wp-json\/wp\/v2\/pages\/94"}],"collection":[{"href":"https:\/\/ecanews.org\/sig-13\/wp-json\/wp\/v2\/pages"}],"about":[{"href":"https:\/\/ecanews.org\/sig-13\/wp-json\/wp\/v2\/types\/page"}],"author":[{"embeddable":true,"href":"https:\/\/ecanews.org\/sig-13\/wp-json\/wp\/v2\/users\/50"}],"replies":[{"embeddable":true,"href":"https:\/\/ecanews.org\/sig-13\/wp-json\/wp\/v2\/comments?post=94"}],"version-history":[{"count":1,"href":"https:\/\/ecanews.org\/sig-13\/wp-json\/wp\/v2\/pages\/94\/revisions"}],"predecessor-version":[{"id":95,"href":"https:\/\/ecanews.org\/sig-13\/wp-json\/wp\/v2\/pages\/94\/revisions\/95"}],"wp:attachment":[{"href":"https:\/\/ecanews.org\/sig-13\/wp-json\/wp\/v2\/media?parent=94"}],"curies":[{"name":"wp","href":"https:\/\/api.w.org\/{rel}","templated":true}]}}