{"id":10,"date":"2023-06-28T09:16:01","date_gmt":"2023-06-28T09:16:01","guid":{"rendered":"https:\/\/ecanews.org\/individual-members\/?page_id=10"},"modified":"2024-10-08T07:15:38","modified_gmt":"2024-10-08T07:15:38","slug":"officers","status":"publish","type":"page","link":"https:\/\/ecanews.org\/sig-02\/officers\/","title":{"rendered":"SIG-02 officers"},"content":{"rendered":"<div><\/div>\n<div><\/div>\n<p><strong><img loading=\"lazy\" decoding=\"async\" class=\" wp-image-50 alignleft\" src=\"https:\/\/ecanews.org\/sig-02\/wp-content\/uploads\/sites\/16\/2024\/10\/anna-198x300.jpg\" alt=\"\" width=\"129\" height=\"195\" srcset=\"https:\/\/ecanews.org\/sig-02\/wp-content\/uploads\/sites\/16\/2024\/10\/anna-198x300.jpg 198w, https:\/\/ecanews.org\/sig-02\/wp-content\/uploads\/sites\/16\/2024\/10\/anna.jpg 264w\" sizes=\"(max-width: 129px) 100vw, 129px\" \/>Chair<\/strong><\/p>\n<div>\n<div>\n<div>Prof. Dr. Anna Krawczuk<\/div>\n<div>Institut f\u00fcr Anorganische Chemie<\/div>\n<div>Georg-August-Universit\u00e4t G\u00f6ttingen<\/div>\n<div>Tammanstrasse 4<\/div>\n<div>37077 G\u00f6ttingen, Germany<\/div>\n<\/div>\n<div>\n<div>Phone: +49-551-39-26460<\/div>\n<div>E-Mail: <a href=\"mailto:anna.krawczuk@uni-goettingen.de\">anna.krawczuk@uni-goettingen.de<\/a><\/div>\n<\/div>\n<\/div>\n<h1><\/h1>\n<p>&nbsp;<\/p>\n<p><strong><img loading=\"lazy\" decoding=\"async\" class=\" wp-image-49 alignleft\" src=\"https:\/\/ecanews.org\/sig-02\/wp-content\/uploads\/sites\/16\/2024\/10\/Ale4-225x300.png\" alt=\"\" width=\"138\" height=\"184\" srcset=\"https:\/\/ecanews.org\/sig-02\/wp-content\/uploads\/sites\/16\/2024\/10\/Ale4-225x300.png 225w, https:\/\/ecanews.org\/sig-02\/wp-content\/uploads\/sites\/16\/2024\/10\/Ale4-768x1024.png 768w, https:\/\/ecanews.org\/sig-02\/wp-content\/uploads\/sites\/16\/2024\/10\/Ale4.png 945w\" sizes=\"(max-width: 138px) 100vw, 138px\" \/>Vice-Chair<\/strong><\/p>\n<div>\n<div>Prof. Dr. Alessandro Genoni<br \/>\nDepartment of Chemistry, Materials and Chemical Engineering \u201cGiulio Natta&#8221;<br \/>\nPolitecnico di Milano<br \/>\nVia Mancinelli 7, 20131 Milano, Italy<\/div>\n<div>Phone: +39\u00a002 2399 3023<br \/>\nE-mail:\u00a0<a href=\"mailto:alessandro.genoni@polimi.it\">alessandro.genoni@polimi.it<\/a><\/div>\n<\/div>\n<div><\/div>\n<p>&nbsp;<\/p>\n<p>&nbsp;<\/p>\n<p><strong><img loading=\"lazy\" decoding=\"async\" class=\" wp-image-56 alignleft\" src=\"https:\/\/ecanews.org\/sig-02\/wp-content\/uploads\/sites\/16\/2024\/10\/maura-225x300.png\" alt=\"\" width=\"139\" height=\"185\" srcset=\"https:\/\/ecanews.org\/sig-02\/wp-content\/uploads\/sites\/16\/2024\/10\/maura-225x300.png 225w, https:\/\/ecanews.org\/sig-02\/wp-content\/uploads\/sites\/16\/2024\/10\/maura-768x1024.png 768w, https:\/\/ecanews.org\/sig-02\/wp-content\/uploads\/sites\/16\/2024\/10\/maura.png 1000w\" sizes=\"(max-width: 139px) 100vw, 139px\" \/>Secretary<\/strong><\/p>\n<div>Dr. Maura Malinska<\/div>\n<div>Crystallochemistry Laboratory<br \/>\nFaculty of Chemistry, University of Warsaw<br \/>\nul. Ludwika Pasteura 1, 02-093 Warsaw,\u00a0Poland<br \/>\nPhone: +48 22 55 26 356<br \/>\nE-mail: <a href=\"mailto:mmalinska@chem.uw.edu.pl\">mmalinska@chem.uw.edu.pl<\/a><\/div>\n<div><\/div>\n<div id=\"highlighter--hover-tools\">\n<div id=\"highlighter--hover-tools--container\">\n<div class=\"highlighter--icon highlighter--icon-copy\" title=\"Copy\"><\/div>\n<div class=\"highlighter--icon highlighter--icon-change-color\" title=\"Change Color\"><\/div>\n<div class=\"highlighter--icon highlighter--icon-delete\" title=\"Delete\"><\/div>\n<\/div>\n<\/div>\n<div id=\"highlighter--hover-tools\">\n<div id=\"highlighter--hover-tools--container\">\n<div class=\"highlighter--icon highlighter--icon-delete\" title=\"Delete\"><\/div>\n<\/div>\n<\/div>\n<div id=\"highlighter--hover-tools\">\n<div id=\"highlighter--hover-tools--container\">\n<div class=\"highlighter--icon highlighter--icon-copy\" title=\"Copy\"><\/div>\n<div class=\"highlighter--icon highlighter--icon-change-color\" title=\"Change Color\"><\/div>\n<div class=\"highlighter--icon highlighter--icon-delete\" title=\"Delete\"><\/div>\n<\/div>\n<\/div>\n","protected":false},"excerpt":{"rendered":"<p>Chair Prof. Dr. Anna Krawczuk Institut f\u00fcr Anorganische Chemie Georg-August-Universit\u00e4t G\u00f6ttingen Tammanstrasse 4 37077 G\u00f6ttingen, Germany Phone: +49-551-39-26460 E-Mail: anna.krawczuk@uni-goettingen.de &nbsp; Vice-Chair Prof. Dr. Alessandro Genoni Department of Chemistry, Materials and Chemical Engineering \u201cGiulio Natta&#8221; Politecnico di Milano Via Mancinelli 7, 20131 Milano, Italy Phone: +39\u00a002 2399 3023 E-mail:\u00a0alessandro.genoni@polimi.it &nbsp; &nbsp; Secretary Dr. Maura Malinska [&hellip;]<\/p>\n","protected":false},"author":1607,"featured_media":0,"parent":0,"menu_order":0,"comment_status":"closed","ping_status":"closed","template":"","meta":{"footnotes":""},"class_list":["post-10","page","type-page","status-publish","czr-hentry"],"_links":{"self":[{"href":"https:\/\/ecanews.org\/sig-02\/wp-json\/wp\/v2\/pages\/10"}],"collection":[{"href":"https:\/\/ecanews.org\/sig-02\/wp-json\/wp\/v2\/pages"}],"about":[{"href":"https:\/\/ecanews.org\/sig-02\/wp-json\/wp\/v2\/types\/page"}],"author":[{"embeddable":true,"href":"https:\/\/ecanews.org\/sig-02\/wp-json\/wp\/v2\/users\/1607"}],"replies":[{"embeddable":true,"href":"https:\/\/ecanews.org\/sig-02\/wp-json\/wp\/v2\/comments?post=10"}],"version-history":[{"count":31,"href":"https:\/\/ecanews.org\/sig-02\/wp-json\/wp\/v2\/pages\/10\/revisions"}],"predecessor-version":[{"id":80,"href":"https:\/\/ecanews.org\/sig-02\/wp-json\/wp\/v2\/pages\/10\/revisions\/80"}],"wp:attachment":[{"href":"https:\/\/ecanews.org\/sig-02\/wp-json\/wp\/v2\/media?parent=10"}],"curies":[{"name":"wp","href":"https:\/\/api.w.org\/{rel}","templated":true}]}}